remainder when 733 is divided by 16?
13
What is the remainder when 1402 is divided by 27?
25
What is the remainder when 345 is divided by 43?
1
Calculate the remainder when 1059 is divided by 152.
147
What is the remainder when 1167 is divided by 569?
29
What is the remainder when 471 is divided by 232?
7
What is the remainder when 105 is divided by 34?
3
What is the remainder when 297 is divided by 123?
51
What is the remainder when 150 is divided by 14?
10
Calculate the remainder when 47 is divided by 24.
23
What is the remainder when 112 is divided by 24?
16
What is the remainder when 614 is divided by 88?
86
What is the remainder when 4388 is divided by 24?
20
What is the remainder when 128 is divided by 3?
2
Calculate the remainder when 558 is divided by 100.
58
Calculate the remainder when 148 is divided by 38.
34
Calculate the remainder when 89 is divided by 48.
41
What is the remainder when 859 is divided by 20?
19
Calculate the remainder when 247 is divided by 143.
104
What is the remainder when 159 is divided by 7?
5
Calculate the remainder when 330 is divided by 26.
18
What is the remainder when 114 is divided by 33?
15
What is the remainder when 32155 is divided by 30?
25
What is the remainder when 83 is divided by 42?
41
What is the remainder when 94 is divided by 17?
9
Calculate the remainder when 2012 is divided by 84.
80
What is the remainder when 766 is divided by 65?
51
What is the remainder when 93 is divided by 46?
1
Calculate the remainder when 148 is divided by 38.
34
Calculate the remainder when 410 is divided by 50.
10
Calculate the remainder when 1470 is divided by 728.
14
What is the remainder when 8941 is divided by 52?
49
What is the remainder when 897 is divided by 78?
39
What is the remainder when 2323 is divided by 49?
20
Calculate the remainder when 2174 is divided by 75.
74
Calculate the remainder when 4219 is divided by 94.
83
What is the remainder when 11311 is divided by 31?
27
What is the remainder when 482 is divided by 102?
74
What is the remainder when 394 is divided by 67?
59
What is the remainder when 770 is divided by 43?
39
What is the remainder when 874 is divided by 175?
174
Calculate the remainder when 3908 is divided by 10.
8
What is the remainder when 3703 is divided by 19?
17
Calculate the remainder when 7312 is divided by 122.
114
Calculate the remainder when 757 is divided by 249.
10
What is the remainder when 95 is divided by 44?
7
Calculate the remainder when 4388 is divided by 39.
20
What is the remainder when 142 is divided by 82?
60
What is the remainder when 355 is divided by 74?
59
What is the remainder when 677 is divided by 10?
7
Calculate the remainder when 126 is divided by 66.
60
Calculate the remainder when 141 is divided by 44.
9
Calculate the remainder when 2489 is divided by 51.
41
What is the remainder when 1230 is divided by 63?
33
What is the remainder when 636 is divided by 200?
36
What is the remainder when 82 is divided by 28?
26
What is the remainder when 2038 is divided by 338?
10
What is the remainder when 367 is divided by 66?
37
Calculate the remainder when 678 is divided by 8.
6
Calculate the remainder when 870 is divided by 282.
24
Calculate the remainder when 393 is divided by 3.
0
What is the remainder when 651 is divided by 82?
77
What is the remainder when 459 is divided by 20?
19
What is the remainder when 105 is divided by 28?
21
What is the remainder when 392 is divided by 61?
26
Calculate the remainder when 67 is divided by 36.
31
Calculate the remainder when 4212 is divided by 42.
12
Calculate the remainder when 14 is divided by 3.
2
Calculate the remainder when 50 is divided by 10.
0
Calculate the remainder when 604 is divided by 87.
82
What is the remainder when 558 is divided by 98?
68
What is the remainder when 788 is divided by 96?
20
Calculate the remainder when 1439 is divided by 478.
5
Calculate the remainder when 3326 is divided by 90.
86
Calculate the remainder when 5398 is divided by 90.
88
Calculate the remainder when 78 is divided by 9.
6
What is the remainder when 5232 is divided by 17?
13
Calculate the remainder when 215 is divided by 173.
42
Calculate the remainder when 119 is divided by 56.
7
Calculate the remainder when 284 is divided by 18.
14
What is the remainder when 379 is divided by 50?
29
Calculate the remainder when 11725 is divided by 15.
10
Calculate the remainder when 1826 is divided by 304.
2
Calculate the remainder when 291 is divided by 70.
11
What is the remainder when 218 is divided by 75?
68
What is the remainder when 72 is divided by 13?
7
What is the remainder when 6269 is divided by 49?
46
What is the remainder when 11501 is divided by 59?
55
Calculate the remainder when 670 is divided by 26.
20
What is the remainder when 77 is divided by 25?
2
Calculate the remainder when 408 is divided by 404.
4
Calculate the remainder when 14389 is divided by 123.
121
Calculate the remainder when 114 is divided by 16.
2
What is the remainder when 681 is divided by 220?
21
What is the remainder when 332 is divided by 15?
2
Calculate the remainder when 499 is divided by 41.
7
Calculate the remainder when 1839 is divided by 92.
91
Calculate the remainder when 3127 is divided by 21.
19
Calculate the remainder when 411 is divided by 8.
3
Calculate the remainder when 7540 is divided by 2512.
4
Calculate the remainder when 87 is divided by 26.
9
Calculate the remainder when 276 is divided by 40.
36
What is the remainder when 87 is divided by 26?
9
What is the remainder when 242 is divided by 45?
17
Calculate the remainder when 734 is divided by 106.
98
What is the remainder when 162 is divided by 33?
30
Calculate the remainder when 1389 is divided by 93.
87
What is the remainder when 51 is divided by 35?
16
Calculate the remainder when 1291 is divided by 29.
15
What is the remainder when 849 is divided by 282?
3
What is the remainder when 721 is divided by 397?
324
What is the remainder when 79 is divided by 44?
35
Calculate the remainder when 89 is divided by 10.
9
Calculate the remainder when 2706 is divided by 19.
8
What is the remainder when 429 is divided by 6?
3
Calculate the remainder when 37 is divided by 34.
3
Calculate the remainder when 39 is divided by 32.
7
What is the remainder when 10563 is divided by 3516?
15
Calculate the remainder when 669 is divided by 150.
69
Calculate the remainder when 933 is divided by 24.
21
What is the remainder when 4432 is divided by 98?
22
Calculate the remainder when 263 is divided by 66.
65
What is the remainder when 336 is divided by 199?
137
Calculate the remainder when 1951 is divided by 58.
37
Calculate the remainder when 1267 is divided by 182.
175
What is the remainder when 845 is divided by 188?
93
What is the remainder when 345 is divided by 82?
17
What is the remainder when 200 is divided by 46?
16
What is the remainder when 1129 is divided by 103?
99
Calculate the remainder when 3091 is divided by 4.
3
What is the remainder when 1468 is divided by 1462?
6
Calculate the remainder when 748 is divided by 23.
12
Calculate the remainder when 255 is divided by 20.
15
What is the remainder when 116 is divided by 10?
6
What is the remainder when 1144 is divided by 82?
78
What is the remainder when 621 is divided by 48?
45
What is the remainder when 615 is divided by 20?
15
Calculate the remainder when 229 is divided by 5.
4
What is the remainder when 271 is divided by 57?
43
Calculate the remainder when 104 is divided by 27.
23
Calculate the remainder when 4597 is divided by 19.
18
Calculate the remainder when 67 is divided by 5.
2
What is the remainder when 266 is divided by 7?
0
What is the remainder when 307 is divided by 52?
47
Calculate the remainder when 1171 is divided by 170.
151
Calculate the remainder when 82 is divided by 49.
33
What is the remainder when 210 is divided by 26?
2
What is the remainder when 273 is divided by 70?
63
Calculate the remainder when 154 is divided by 54.
46
Calculate the remainder when 1793 is divided by 39.
38
What is the remainder when 656 is divided by 28?
12
Calculate the remainder when 3741 is divided by 78.
75
Calculate the remainder when 765 is divided by 3.
0
Calculate the remainder when 113 is divided by 35.
8
Calculate the remainder when 1